s of 33992027.
17, 31, 53, 1217
List the prime factors of 2524677898.
2, 83, 15208903
List the prime factors of 471652608.
2, 3, 7, 59, 1487
What are the prime factors of 6892278216?
2, 3, 3163, 90793
List the prime factors of 65616793.
11, 5965163
What are the prime factors of 63008463?
3, 7, 428629
List the prime factors of 757756666.
2, 23, 107, 153953
What are the prime factors of 5094642922?
2, 23, 110753107
What are the prime factors of 501358863?
3, 167119621
List the prime factors of 9823071.
3, 67, 48871
List the prime factors of 153993950.
2, 5, 11, 41, 6829
What are the prime factors of 1901332591?
43, 44217037
What are the prime factors of 1717619989?
89, 1093, 17657
List the prime factors of 51333460.
2, 5, 2566673
List the prime factors of 8749186.
2, 17, 15137
What are the prime factors of 415916400?
2, 3, 5, 571, 607
List the prime factors of 1904665870.
2, 5, 1637, 116351
List the prime factors of 1558522419.
3, 1871, 277663
List the prime factors of 15363197.
31, 495587
What are the prime factors of 62846878?
2, 107, 293677
What are the prime factors of 64454159?
7, 11, 1553
List the prime factors of 217447.
17, 12791
What are the prime factors of 57128418?
2, 3, 3173801
What are the prime factors of 20866246?
2, 10433123
What are the prime factors of 2502508349?
11, 41, 83, 66853
What are the prime factors of 70947077?
70947077
What are the prime factors of 45799808?
2, 23, 47, 331
What are the prime factors of 6745652688?
2, 3, 19, 421, 17569
What are the prime factors of 48064181?
11, 23, 189977
List the prime factors of 504615312.
2, 3, 29, 47, 857
What are the prime factors of 50721157?
50721157
What are the prime factors of 215177081?
7, 4391369
What are the prime factors of 59149669?
59149669
List the prime factors of 39307863.
3, 7, 179, 10457
List the prime factors of 3038578477.
11, 19, 14538653
List the prime factors of 1747265343.
3, 582421781
What are the prime factors of 305597355?
3, 5, 7, 17, 171203
What are the prime factors of 15275231?
17, 898543
What are the prime factors of 3351213918?
2, 3, 13, 4773809
What are the prime factors of 178433269?
7, 4649, 5483
What are the prime factors of 73620154?
2, 29, 349, 3637
List the prime factors of 925725797.
6661, 138977
What are the prime factors of 212664160?
2, 5, 37, 35923
What are the prime factors of 52341899?
53, 419, 2357
What are the prime factors of 537437072?
2, 701, 47917
What are the prime factors of 327680253?
3, 17, 43, 49807
What are the prime factors of 4437427346?
2, 11, 17, 11864779
What are the prime factors of 197101838?
2, 2393, 41183
List the prime factors of 2455300163.
23, 47, 59, 137, 281
What are the prime factors of 52932837?
3, 17644279
List the prime factors of 308331011.
308331011
List the prime factors of 17463167.
17463167
List the prime factors of 10510453.
10510453
List the prime factors of 66564393.
3, 7, 73, 6203
List the prime factors of 98552143.
98552143
What are the prime factors of 187060866?
2, 3, 5323, 5857
What are the prime factors of 57547632?
2, 3, 439, 2731
List the prime factors of 9308846.
2, 67, 127, 547
What are the prime factors of 81586439?
11, 59, 125711
What are the prime factors of 70454170?
2, 5, 191, 36887
List the prime factors of 349971848.
2, 113, 387137
List the prime factors of 639078178.
2, 17, 887, 21191
List the prime factors of 11871526.
2, 43, 138041
What are the prime factors of 41270783?
41270783
What are the prime factors of 71130958?
2, 17, 199, 10513
What are the prime factors of 559086243?
3, 37, 317, 15889
List the prime factors of 150299337.
3, 109, 459631
What are the prime factors of 1044084977?
13, 23, 3491923
What are the prime factors of 48060575?
5, 1922423
List the prime factors of 1396508617.
7, 199501231
List the prime factors of 3839671.
11, 17, 20533
What are the prime factors of 1288696056?
2, 3, 271, 198139
List the prime factors of 41691941.
127, 328283
List the prime factors of 162824706.
2, 3, 11, 822347
What are the prime factors of 740361482?
2, 7, 7554709
List the prime factors of 263299326.
2, 3, 37, 1186033
What are the prime factors of 74368761?
3, 17, 829, 1759
List the prime factors of 530429864.
2, 23, 2882771
What are the prime factors of 3582321016?
2, 1879, 238313
What are the prime factors of 49318850?
2, 5, 7, 29, 43, 113
What are the prime factors of 155359750?
2, 5, 7, 13, 6829
List the prime factors of 33196467.
3, 313, 35353
What are the prime factors of 29284235?
5, 5856847
What are the prime factors of 1257452657?
41, 4621, 6637
List the prime factors of 739151558.
2, 2633, 140363
List the prime factors of 50353866.
2, 3, 337, 2767
What are the prime factors of 26648823?
3, 8882941
List the prime factors of 107612105.
5, 19, 269, 4211
List the prime factors of 1712844216.
2, 3, 4567, 5209
What are the prime factors of 834269014?
2, 10883, 38329
List the prime factors of 11713421.
11713421
List the prime factors of 355732920.
2, 3, 5, 988147
List the prime factors of 19369761.
3, 31, 208277
What are the prime factors of 534021598?
2, 11, 139, 174631
What are the prime factors of 1007400314?
2, 17, 1399, 21179
What are the prime factors of 3823083689?
19, 43, 4679417
What are the prime factors of 93728?
2, 29, 101
What are the prime factors of 794238282?
2, 3, 3433, 12853
List the prime factors of 1304490775.
5, 7, 1543, 4831
List the prime factors of 1589694834.
2, 3, 7, 13, 571, 5099
List the prime factors of 1354628885.
5, 439, 619, 997
List the prime factors of 63204408.
2, 3, 53, 5521
What are the prime factors of 17299930?
2, 5, 349, 4957
What are the prime factors of 234967670?
2, 5, 7, 389, 8629
What are the prime factors of 728416914?
2, 3, 2161, 56179
What are the prime factors of 136415366?
2, 68207683
List the prime factors of 3647680107.
3, 283, 4296443
List the prime factors of 733224856.
2, 7, 13, 37, 163, 167
List the prime factors of 1487575356.
2, 3, 643, 192791
List the prime factors of 83362584.
2, 3, 47, 263, 281
List the prime factors of 658855565.
5, 4931, 26723
List the prime factors of 759165743.
7, 108452249
What are the prime factors of 49847644?
2, 7, 11, 14713
What are the prime factors of 53411544?
2, 3, 741827
What are the prime factors of 208874897?
7, 11, 277, 1399
List the prime factors of 2366915140.
2, 5, 277, 427241
What are the prime factors of 2586814710?
2, 3, 5, 71, 79, 15373
List the prime factors of 407370429.
3, 569, 79549
What are the prime factors of 2870145637?
107, 151, 349, 509
What are the prime factors of 303712012?
2, 29, 137, 659
What are the prime factors of 41443625?
5, 331549
List the prime factors of 51643349.
19, 23, 59, 2003
List the prime factors of 41724172.
2, 7, 73, 137, 149
What are the prime factors of 2911637663?
11, 264694333
What are the prime factors of 228639268?
2, 11, 13, 399719
List the prime factors of 1376853527.
7, 196693361
List the prime factors of 111917633.
111917633
List the prime factors of 25564981.
13, 467, 4211
List the prime factors of 238228093.
173, 1377041
What are the prime factors of 24601773?
3, 7, 29, 199
List the prime factors of 7903607.
37, 213611
What are the prime factors of 135335147?
17, 43, 185137
What are the prime factors of 4199932913?
11, 381812083
List the prime factors of 48160652.
2, 12040163
What are the prime factors of 2505034299?
3, 271, 3081223
What are the prime factors of 276610905?
3, 5, 61, 100769
What are the prime factors of 521537133?
3, 13, 13372747
List the prime factors of 265737476.
2, 66434369
What are the prime factors of 995215027?
1223, 813749
What are the prime factors of 218447838?
2, 3, 7, 1733713
List the prime factors of 159313856.
2, 13, 419, 457
What are the prime factors of 13549276?
2, 13, 67, 3889
List the prime factors of 106816656.
2, 3, 727, 3061
List the prime factors of 251852843.
11, 22895713
List the prime factors of 57690098.
2, 241, 119689
List the prime factors of 13453605.
3, 5, 11, 27179
List the prime factors of 261217712.
2, 7, 191, 12211
What are the prime factors of 56357780?
2, 5, 41, 68729
What are the prime factors of 1373034036?
2, 3, 11, 17, 23, 37, 719
List the prime factors of 403254905.
5, 389, 207329
What are the prime factors of 108332851?
11, 19, 27281
What are the prime factors of 62613